y + 3 = -48. Calculate the greatest common divisor of 21 and y.
3
Let m = 3 - -4. Suppose -p + 5 = 5*v, -p + 8 = -v - 3*p. Let n be (2 - v) + (66 - 3). What is the highest common factor of n and m?
7
Suppose 0 = 4*i - 2*i - 94. Suppose -i = -3*z + 13. What is the greatest common divisor of 5 and z?
5
Suppose -5*b + 36 = 2*a, -3*a - 3*b + 73 = 1. Calculate the highest common divisor of a and 182.
14
Suppose 9 = 3*k - 0. Let j(g) be the second derivative of g**4/12 + g**3/6 + 3*g**2/2 - 2*g. Let z be j(k). Calculate the greatest common factor of 5 and z.
5
Suppose 2*u - 29 = -5*p, u - 14 = -2*p - 2. Let x be 2 + u/(2/(-1)). Calculate the highest common divisor of 11 and x.
1
Let i = 12 - 19. Let v = i + 10. What is the highest common divisor of 12 and v?
3
Suppose 3*o - 3 = 0, 5*x - 124 = -0*x - 4*o. Let h be (0 + 32)*9/18. What is the greatest common divisor of x and h?
8
Suppose 32 = 5*y - y. Let r = 27 + 13. What is the greatest common factor of r and y?
8
Let s be 4/(-18)*-3*6. Suppose 0 = -s*f + 6 + 6. Calculate the highest common divisor of f and 27.
3
Let h be (1 - 0)/((-59)/(-177)). Suppose 7*l - 2*l + 16 = 3*y, -4*l = 3*y + 2. What is the highest common factor of h and y?
1
Suppose -3*f + 5*b + 31 = -f, -3*f - 3*b - 6 = 0. Let m = 7 + f. Let a be (-4)/(-10) - (-1044)/15. Calculate the greatest common factor of m and a.
10
Let z = -113 + 45. Let c be 1/(-4) - z/16. Let d(n) = 4*n**2 - 3*n - 1. Let u be d(-3). What is the greatest common factor of c and u?
4
Let j = -278 + 390. Calculate the greatest common divisor of 14 and j.
14
Let f be (-255)/(-9) + (-6)/(-9). Let l = f + 16. Let r = -45 - -63. What is the greatest common factor of r and l?
9
Suppose -5*q = -y + 4*y + 72, -q + 3*y = 0. Let p be (q/(-36))/(2/126). What is the highest common divisor of 14 and p?
7
Let v(f) = 43*f**2 - 3*f + 2. Let w be v(2). Suppose -3*o = -x - 100, 5*o - 3*x - w = -0*o. Calculate the highest common factor of o and 22.
11
Let t(c) = -c**2 - c + 4. Let s be t(0). Let k(a) = 6*a**2 - 2*a. Let q be k(2). Let m = q + -4. Calculate the greatest common divisor of m and s.
4
Let m be 15/(-5) - 132/(-4). What is the highest common divisor of m and 180?
30
Suppose 0 = -2*m + 3*r + 195, -5*m = -0*m + 5*r - 425. Suppose -8*i = -3*i - m. What is the greatest common factor of i and 12?
6
Let v(g) = 2*g**2 + 0 + 1 - 2 - g. Let s = 10 - 5. Let l be v(s). Calculate the highest common factor of 11 and l.
11
Suppose 821 = 5*t + 4*r, -28 + 522 = 3*t + r. Let s be (-1 + 0)/((-2)/30). Calculate the greatest common factor of s and t.
15
Let y(m) = 10*m + 2. Let t be y(3). Let k(s) = -1 + 9 - 1 - s. Let f be k(3). What is the greatest common factor of t and f?
4
Let t = -4 + 0. Let d be t/((8/22)/(-2)). Let s = -21 + 32. Calculate the greatest common factor of d and s.
11
Let b be -2 + (9 - 3) - -122. Calculate the greatest common factor of 14 and b.
14
Suppose 5*q - 135 = -45. Suppose -2*p = a - 12, -4*a + 3*p - p = -q. What is the greatest common factor of 6 and a?
6
Let j = -108 - -257. Let d = j - 106. Let o = -16 + d. What is the highest common divisor of o and 3?
3
Let h = -4 - -5. Let z be ((-1)/2)/(h/(-2)). Let a be z/((6/(-8))/(-3)). Calculate the greatest common divisor of 32 and a.
4
Let a(g) = -g**2 + 2*g + 17. Let n be a(-3). Calculate the greatest common divisor of 8 and n.
2
Let t be 12/10*120/16. Let m = t - 6. Suppose -5*x = -3*o - 0*x + 33, 0 = -m*x. What is the greatest common factor of o and 1?
1
Suppose m + 2*n - 68 = 38, 0 = 3*n + 6. Let c be (-8)/(-12)*1*15. Calculate the greatest common factor of c and m.
10
Let a(v) = -45*v. Let k be a(-3). Calculate the highest common factor of k and 15.
15
Let v = -15 - -30. What is the highest common factor of 105 and v?
15
Suppose -17 = -3*w + 1. Let m(f) = -f + 10. Suppose -y = -0*y - 7. Let u be m(y). Calculate the highest common factor of w and u.
3
Suppose 0 = 4*u - 5*g + 3*g - 98, -71 = -3*u + 4*g. Calculate the greatest common divisor of 5 and u.
5
Let m = -194 - -251. Let z(k) = 4*k**2 + 2. Let f be z(3). Calculate the highest common divisor of m and f.
19
Let p be 2456/40 - 2/5. Suppose 2*o - p = -4*i - 25, i = 0. Calculate the highest common divisor of o and 45.
9
Let x = 10 - 7. Let v = x + 0. Suppose -4*z - 2*g + 67 = z, 0 = -v*g - 12. What is the greatest common factor of z and 15?
15
Suppose -5 = -2*q - h + 9, -6 = -2*q + h. Suppose -3*x = -q*x + 80. What is the highest common divisor of 20 and x?
20
Let v = -106 - -214. Suppose 7*o + 2*o - 108 = 0. What is the highest common divisor of v and o?
12
Suppose -b - 26 = -5*m, 4*m + 1 - 13 = 3*b. What is the greatest common divisor of 6 and m?
6
Suppose -5*l + 190 = 5*c, 3*c - 33 = -4*l + 121. What is the greatest common divisor of l and 8?
8
Let o(f) = f - 11. Let s be o(-10). Let p be -2 + 1 - s/1. Let t = p + -8. Calculate the highest common divisor of t and 12.
12
Let o(c) = 2*c - 4. Let t be (0 + 4/3)*-3. Let v(f) = -f**3 - 3*f**2 + 2*f - 5. Let d be v(t). Let w be o(d). What is the greatest common factor of w and 10?
2
Let y(p) = p + 4. Let r be y(-5). Let c be 3/(8/4 + r). What is the greatest common divisor of c and 12?
3
Suppose -m + c = -82, -2*m - 3*c - 2*c = -150. Let a = -25 + 25. Suppose a = -n + 5 + 5. What is the greatest common divisor of n and m?
10
Let s(r) = -r**3 - 19*r**2 - 21*r - 44. Let p be s(-18). Calculate the greatest common divisor of p and 80.
10
Let a(y) = -y - 1. Let i be a(0). Let d be (-5 + i)/(6/(-152)). What is the greatest common divisor of d and 19?
19
Let p be -3*((-416)/(-6))/(-4). Calculate the highest common factor of p and 13.
13
Suppose -3*j + 5*p = -0*j - 42, 5*j - 4*p = 83. Calculate the greatest common divisor of j and 38.
19
Suppose -3 = -7*o + 74. Calculate the highest common factor of 1 and o.
1
Let f(z) = -3*z - 1. Let u be f(-7). What is the highest common divisor of u and 220?
20
Suppose -4*w - 1 = -17. Suppose -r = -w*r + 36. What is the greatest common divisor of 132 and r?
12
Let o be 147/7 - (4 + -1). What is the highest common factor of 24 and o?
6
Suppose 0 = -4*z + z + 189. Suppose -x + z = -102. What is the highest common divisor of x and 15?
15
Let s(v) = v + 2. Let g be s(14). Suppose w - g = 3*y, y + 22 = w + 2. What is the highest common factor of w and 2?
2
Let j be (-13 + 1)*90/(-8). Calculate the highest common divisor of 54 and j.
27
Let n = -58 - -187. Calculate the greatest common divisor of 43 and n.
43
Let q(k) = -k**3 + 7*k**2 - 5*k - 1. Let t be q(6). What is the highest common factor of t and 20?
5
Let x = -46 + 12. Let c be x/(-1) - (2 + -1). Suppose 3*y + l = 34 + 30, 0 = -2*y - 3*l + 38. What is the highest common factor of y and c?
11
Let t(b) = -9*b**3 - 2*b**2 + b + 2. Let k be t(-2). Calculate the greatest common factor of k and 80.
16
Let w(j) = -3*j + 4 + 1 - 3*j**2 + 0 + j**3. Let p be w(4). What is the greatest common divisor of p and 36?
9
Let q(t) = t**3 + 7*t**2 + 4. Suppose 2*r = -3*r - 35. Let k be q(r). Calculate the greatest common factor of k and 28.
4
Let v = 26 + -12. What is the highest common divisor of v and 28?
14
Let y = 210 - 117. Suppose -2*w + 2*c = -5 - 3, -2*w + 8 = -5*c. Suppose u = 4*z - y, -w*u + 24 = -2*z + 4*z. Calculate the highest common divisor of 22 and z.
22
Let u be (-183)/(-12) + 3/(-12). Calculate the highest common divisor of 30 and u.
15
Let j = 75 + -54. Let l be 14/(-3)*6/2. Let i = -7 - l. What is the highest common factor of i and j?
7
Suppose 9*t + 14 = 11*t. Suppose 10 = 8*u - t*u. Let w(h) = 3*h - 5. Let r be w(5). Calculate the greatest common divisor of r and u.
10
Let f = 9 - -1. Let r be ((-3)/(-9))/((-1)/9). Let k be 90*r/(-3)*1. What is the greatest common factor of k and f?
10
Let o = -19 - -19. Suppose d - 66 = -o*d. Calculate the highest common factor of d and 44.
22
Let u be (2/5 - 395/50)*-14. Calculate the highest common divisor of 35 and u.
35
Let x be (-5)/2*14/(-5). Calculate the highest common factor of 56 and x.
7
Let s be (-10*7)/(0 + -1). Let v = 128 - s. What is the highest common factor of v and 87?
29
Suppose -383 = -3*l - 32. Let p be (((-26)/(-4))/(-1))/(8/(-16)). Calculate the greatest common divisor of p and l.
13
Let w be 2/2*(-6 - -7)*108. What is the greatest common divisor of w and 4?
4
Let s = 